{"id":108,"date":"2013-07-26T06:29:56","date_gmt":"2013-07-26T06:29:56","guid":{"rendered":"http:\/\/localhost\/wordpress\/?page_id=108"},"modified":"2024-08-05T11:48:19","modified_gmt":"2024-08-05T13:48:19","slug":"home","status":"publish","type":"page","link":"https:\/\/shm.co.at\/","title":{"rendered":"Der Generalist im Gesundheits- und Sozialwesen"},"content":{"rendered":"<p><\/p>\n\n\n<p><b>shm<\/b> ist ein national und international t\u00e4tiges Beratungsunternehmen mit den Schwerpunkten Gesundheit, Soziales, Bewegung und Sport. Als innovativer, l\u00f6sungsorientierter Consulter und Projektentwickler betrachten wir die Anforderungen unserer Kunden ganzheitlich und \u00fcber alle Abl\u00e4ufe und Prozesse hinweg.<\/p>\n<p>Wir begleiten Unternehmen, Krankenh\u00e4user, Non-Profit-Organisationen und \u00f6ffentliche Einrichtungen bei der Konzeption und Umsetzung von Strategien und Projekten. Dabei zeichnet shm die starke Umsetzungskompetenz aus.<\/p>\n<p>Unser Team ist f\u00e4cher\u00fcbergreifend aufgestellt &#8211; dadurch sprechen wir die Sprache des Kunden! \u00dcber das Kernteam hinaus verf\u00fcgt shm \u00fcber ein erweitertes Team von rund 45 Mitarbeitern und Partnern.<\/p>\n<p><\/p>","protected":false},"excerpt":{"rendered":"<p>shm ist ein national und international t\u00e4tiges Beratungsunternehmen mit den Schwerpunkten Gesundheit, Soziales, Bewegung und Sport. Als innovativer, l\u00f6sungsorientierter Consulter und Projektentwickler betrachten wir die Anforderungen unserer Kunden ganzheitlich und \u00fcber alle Abl\u00e4ufe und Prozesse hinweg. Wir begleiten Unternehmen, Krankenh\u00e4user, Non-Profit-Organisationen und \u00f6ffentliche Einrichtungen bei der Konzeption und Umsetzung von Strategien und Projekten. Dabei zeichnet [&hellip;]<\/p>\n","protected":false},"author":2,"featured_media":0,"parent":0,"menu_order":0,"comment_status":"closed","ping_status":"closed","template":"page-templates\/full-width.php","meta":{"footnotes":""},"class_list":["post-108","page","type-page","status-publish","hentry"],"_links":{"self":[{"href":"https:\/\/shm.co.at\/index.php?rest_route=\/wp\/v2\/pages\/108","targetHints":{"allow":["GET"]}}],"collection":[{"href":"https:\/\/shm.co.at\/index.php?rest_route=\/wp\/v2\/pages"}],"about":[{"href":"https:\/\/shm.co.at\/index.php?rest_route=\/wp\/v2\/types\/page"}],"author":[{"embeddable":true,"href":"https:\/\/shm.co.at\/index.php?rest_route=\/wp\/v2\/users\/2"}],"replies":[{"embeddable":true,"href":"https:\/\/shm.co.at\/index.php?rest_route=%2Fwp%2Fv2%2Fcomments&post=108"}],"version-history":[{"count":36,"href":"https:\/\/shm.co.at\/index.php?rest_route=\/wp\/v2\/pages\/108\/revisions"}],"predecessor-version":[{"id":2034,"href":"https:\/\/shm.co.at\/index.php?rest_route=\/wp\/v2\/pages\/108\/revisions\/2034"}],"wp:attachment":[{"href":"https:\/\/shm.co.at\/index.php?rest_route=%2Fwp%2Fv2%2Fmedia&parent=108"}],"curies":[{"name":"wp","href":"https:\/\/api.w.org\/{rel}","templated":true}]}}