{"id":454,"date":"2013-08-14T08:53:47","date_gmt":"2013-08-14T08:53:47","guid":{"rendered":"http:\/\/localhost\/wordpress\/?page_id=454"},"modified":"2015-03-20T07:22:23","modified_gmt":"2015-03-20T09:22:23","slug":"klinikum-klagenfurt-am-worthersee-lkh-klagenfurt","status":"publish","type":"page","link":"https:\/\/shm.co.at\/?page_id=454","title":{"rendered":"Klinikum-Klagenfurt am W\u00f6rthersee (LKH Klagenfurt)"},"content":{"rendered":"<p><\/p>\n<table>\n<tr>\n<td class=\"prtitle\">Dokumentenmanagement<\/td>\n<\/tr>\n<tr>\n<td>Projektmanagement und Projektkoordination zur Sicherstellung der Verf\u00fcgbarkeit der bestehenden Scan-L\u00f6sungen in ORBIS im Rahmen der Einf\u00fchrung der elektronischen Krankengeschichte im LKH Klagenfurt.\n<\/td>\n<\/tr>\n<tr>\n<td class=\"prtitle\">IT-Schulungen im medizinischen Bereich<\/td>\n<\/tr>\n<tr>\n<td>Projektmanagement und Projektkoordination zur Sicherstellung der Schulung neuer und im Zusammenhang mit dem Projekt LKH NEU ge\u00e4nderter IT-Funktionalit\u00e4ten.\n<\/td>\n<\/tr>\n<tr>\n<td class=\"prtitle\">Dokumentenarchivierung<\/td>\n<\/tr>\n<tr>\n<td>Erhebung der bestehenden Archive, Analyse und Erarbeitung sowie Bewertung der Archivierungsvarianten unter Ber\u00fccksichtigung der bestehenden Datenschutzrichtlinien.\n<\/td>\n<\/tr>\n<\/table>\n<p><\/p>","protected":false},"excerpt":{"rendered":"<p>Dokumentenmanagement Projektmanagement und Projektkoordination zur Sicherstellung der Verf\u00fcgbarkeit der bestehenden Scan-L\u00f6sungen in ORBIS im Rahmen der Einf\u00fchrung der elektronischen Krankengeschichte im LKH Klagenfurt. IT-Schulungen im medizinischen Bereich Projektmanagement und Projektkoordination zur Sicherstellung der Schulung neuer und im Zusammenhang mit dem Projekt LKH NEU ge\u00e4nderter IT-Funktionalit\u00e4ten. Dokumentenarchivierung Erhebung der bestehenden Archive, Analyse und Erarbeitung sowie Bewertung [&hellip;]<\/p>\n","protected":false},"author":2,"featured_media":0,"parent":60,"menu_order":8,"comment_status":"closed","ping_status":"closed","template":"","meta":{"footnotes":""},"class_list":["post-454","page","type-page","status-publish","hentry"],"_links":{"self":[{"href":"https:\/\/shm.co.at\/index.php?rest_route=\/wp\/v2\/pages\/454","targetHints":{"allow":["GET"]}}],"collection":[{"href":"https:\/\/shm.co.at\/index.php?rest_route=\/wp\/v2\/pages"}],"about":[{"href":"https:\/\/shm.co.at\/index.php?rest_route=\/wp\/v2\/types\/page"}],"author":[{"embeddable":true,"href":"https:\/\/shm.co.at\/index.php?rest_route=\/wp\/v2\/users\/2"}],"replies":[{"embeddable":true,"href":"https:\/\/shm.co.at\/index.php?rest_route=%2Fwp%2Fv2%2Fcomments&post=454"}],"version-history":[{"count":4,"href":"https:\/\/shm.co.at\/index.php?rest_route=\/wp\/v2\/pages\/454\/revisions"}],"predecessor-version":[{"id":747,"href":"https:\/\/shm.co.at\/index.php?rest_route=\/wp\/v2\/pages\/454\/revisions\/747"}],"up":[{"embeddable":true,"href":"https:\/\/shm.co.at\/index.php?rest_route=\/wp\/v2\/pages\/60"}],"wp:attachment":[{"href":"https:\/\/shm.co.at\/index.php?rest_route=%2Fwp%2Fv2%2Fmedia&parent=454"}],"curies":[{"name":"wp","href":"https:\/\/api.w.org\/{rel}","templated":true}]}}