{"id":57,"date":"2013-07-23T11:12:00","date_gmt":"2013-07-23T11:12:00","guid":{"rendered":"http:\/\/localhost\/wordpress\/?page_id=57"},"modified":"2015-04-08T08:05:43","modified_gmt":"2015-04-08T10:05:43","slug":"gesundheit","status":"publish","type":"page","link":"https:\/\/shm.co.at\/?page_id=57","title":{"rendered":"Gesundheit"},"content":{"rendered":"<p>Das Gesundheitswesen befindet sich im Spannungsfeld zwischen optimaler patientenorientierter Versorgung einerseits und steigendem Kostendruck andererseits.<\/p>\n<p><b>shm<\/b> verf\u00fcgt als Generalist im Gesundheitswesen \u00fcber langj\u00e4hrige Praxiserfahrung in der Beratung von Gesundheitseinrichtungen im In- und Ausland. Dadurch kennen wir die Herausforderungen in diesen Bereichen sehr genau und wissen, was zum Funktionieren von Spit\u00e4lern und anderen Gesundheitseinrichtungen erforderlich ist.<\/p>\n<p>Dieses Wissen stellen wir unseren Kunden seit Jahren erfolgreich zur Verf\u00fcgung und leisten damit einen Beitrag zur positiven Weiterentwicklung des Gesundheitssystems.<\/p>","protected":false},"excerpt":{"rendered":"<p>Das Gesundheitswesen befindet sich im Spannungsfeld zwischen optimaler patientenorientierter Versorgung einerseits und steigendem Kostendruck andererseits. shm verf\u00fcgt als Generalist im Gesundheitswesen \u00fcber langj\u00e4hrige Praxiserfahrung in der Beratung von Gesundheitseinrichtungen im In- und Ausland. Dadurch kennen wir die Herausforderungen in diesen Bereichen sehr genau und wissen, was zum Funktionieren von Spit\u00e4lern und anderen Gesundheitseinrichtungen erforderlich ist. [&hellip;]<\/p>\n","protected":false},"author":2,"featured_media":0,"parent":0,"menu_order":0,"comment_status":"closed","ping_status":"closed","template":"","meta":{"footnotes":""},"class_list":["post-57","page","type-page","status-publish","hentry"],"_links":{"self":[{"href":"https:\/\/shm.co.at\/index.php?rest_route=\/wp\/v2\/pages\/57","targetHints":{"allow":["GET"]}}],"collection":[{"href":"https:\/\/shm.co.at\/index.php?rest_route=\/wp\/v2\/pages"}],"about":[{"href":"https:\/\/shm.co.at\/index.php?rest_route=\/wp\/v2\/types\/page"}],"author":[{"embeddable":true,"href":"https:\/\/shm.co.at\/index.php?rest_route=\/wp\/v2\/users\/2"}],"replies":[{"embeddable":true,"href":"https:\/\/shm.co.at\/index.php?rest_route=%2Fwp%2Fv2%2Fcomments&post=57"}],"version-history":[{"count":25,"href":"https:\/\/shm.co.at\/index.php?rest_route=\/wp\/v2\/pages\/57\/revisions"}],"predecessor-version":[{"id":304,"href":"https:\/\/shm.co.at\/index.php?rest_route=\/wp\/v2\/pages\/57\/revisions\/304"}],"wp:attachment":[{"href":"https:\/\/shm.co.at\/index.php?rest_route=%2Fwp%2Fv2%2Fmedia&parent=57"}],"curies":[{"name":"wp","href":"https:\/\/api.w.org\/{rel}","templated":true}]}}