{"id":842,"date":"2013-08-29T09:38:30","date_gmt":"2013-08-29T09:38:30","guid":{"rendered":"http:\/\/www.shm.co.at\/?page_id=842"},"modified":"2015-04-15T06:50:15","modified_gmt":"2015-04-15T08:50:15","slug":"ehealth-und-eai","status":"publish","type":"page","link":"https:\/\/shm.co.at\/?page_id=842","title":{"rendered":"eHealth und EAI"},"content":{"rendered":"<p><\/p>\n<table id='ehealthtbl'>\n<tr>\n<td class='column-1'>\nUnsere Mitarbeiter verf\u00fcgen \u00fcber langj\u00e4hrige Erfahrungen in den Bereichen eHealth und Interoperabilit\u00e4t (EAI \u2013 Enterprise Application Integration) im Gesundheitswesen. Wir begleiten und beraten Sie umfassend in Bezug auf Ihre strategische Ausrichtung aber auch in der Umsetzung von eHealth- und Interoperabilit\u00e4tsprojekten.\n<\/td>\n<td class='column-2'>\n<a href=\"https:\/\/shm.co.at\/wp-content\/uploads\/2013\/09\/Datenfluss_2013-e1378217445880.jpg\"><img loading=\"lazy\" decoding=\"async\" src=\"https:\/\/shm.co.at\/wp-content\/uploads\/2013\/09\/Datenfluss_2013-e1378217445880.jpg\" alt=\"Energy waves\" width=\"150\" height=\"100\" class=\"alignnone size-full wp-image-1049\" \/><\/a>\n<\/td>\n<\/tr>\n<\/table>\n<p><b>Beratungsleistung:<\/b><\/p>\n<ul>\n<li>Beratung bei der Verwendung von Datenmodellstandards <br \/>(HL7 Reference Information Model)<\/li>\n<li>Beratung bei prozessorientierter Interoperabilit\u00e4t (z.B. Anlehnung an IHE)<\/li>\n<li>Beratung, Konzeption und Implementierung von\n<ul class=\"sublist\">\n<li>Kommunikationsstandards (HL7) <\/li>\n<li>Dokumentenstandards (CDA \u2013 Clinical Document Architecture) <\/li>\n<\/ul>\n<\/li>\n<li>Beratung bei der Entwicklung und Umsetzung von eHealth Strategien<\/li>\n<li>Begleitung von eHealth Projekten\n<ul class=\"sublist\">\n<li>von der Konzeption<\/li>\n<li>\u00fcber die Implementierung<\/li>\n<li>bis zur Inbetriebnahme<\/li>\n<\/ul>\n<\/li>\n<\/ul>\n<p><\/p>","protected":false},"excerpt":{"rendered":"<p>Unsere Mitarbeiter verf\u00fcgen \u00fcber langj\u00e4hrige Erfahrungen in den Bereichen eHealth und Interoperabilit\u00e4t (EAI \u2013 Enterprise Application Integration) im Gesundheitswesen. Wir begleiten und beraten Sie umfassend in Bezug auf Ihre strategische Ausrichtung aber auch in der Umsetzung von eHealth- und Interoperabilit\u00e4tsprojekten. Beratungsleistung: Beratung bei der Verwendung von Datenmodellstandards (HL7 Reference Information Model) Beratung bei prozessorientierter Interoperabilit\u00e4t [&hellip;]<\/p>\n","protected":false},"author":2,"featured_media":0,"parent":59,"menu_order":6,"comment_status":"closed","ping_status":"closed","template":"","meta":{"footnotes":""},"class_list":["post-842","page","type-page","status-publish","hentry"],"_links":{"self":[{"href":"https:\/\/shm.co.at\/index.php?rest_route=\/wp\/v2\/pages\/842","targetHints":{"allow":["GET"]}}],"collection":[{"href":"https:\/\/shm.co.at\/index.php?rest_route=\/wp\/v2\/pages"}],"about":[{"href":"https:\/\/shm.co.at\/index.php?rest_route=\/wp\/v2\/types\/page"}],"author":[{"embeddable":true,"href":"https:\/\/shm.co.at\/index.php?rest_route=\/wp\/v2\/users\/2"}],"replies":[{"embeddable":true,"href":"https:\/\/shm.co.at\/index.php?rest_route=%2Fwp%2Fv2%2Fcomments&post=842"}],"version-history":[{"count":15,"href":"https:\/\/shm.co.at\/index.php?rest_route=\/wp\/v2\/pages\/842\/revisions"}],"predecessor-version":[{"id":1052,"href":"https:\/\/shm.co.at\/index.php?rest_route=\/wp\/v2\/pages\/842\/revisions\/1052"}],"up":[{"embeddable":true,"href":"https:\/\/shm.co.at\/index.php?rest_route=\/wp\/v2\/pages\/59"}],"wp:attachment":[{"href":"https:\/\/shm.co.at\/index.php?rest_route=%2Fwp%2Fv2%2Fmedia&parent=842"}],"curies":[{"name":"wp","href":"https:\/\/api.w.org\/{rel}","templated":true}]}}